*x = 15 + v. Let t(r) = -r - 3 + 3 - 1. Determine t(x).
1
Let a = -5214/17 - -20873/68. Let g(k) be the second derivative of 0*k**3 + a*k**4 - 40*k + 0*k**2 + 1/20*k**5 + 0. Calculate g(-3).
0
Let f(p) = 129*p - 77. Let j(n) = 51*n - 39. Let s(t) = -2*f(t) + 5*j(t). Calculate s(-8).
-17
Suppose 50*o - 48*o + 18 = -4*l, -5*o = -3*l - 33. Let t be 6*(2/(-2) - -2). Let v be (t - (4 + l)) + -3. Let q(x) = x**2 - 4*x + 3. What is q(v)?
8
Let v(x) be the first derivative of 124 + 5/2*x**2 + 4*x. Determine v(3).
19
Let z(q) be the second derivative of q**4/12 - 17*q**3/6 + 15*q**2 + 187*q. Calculate z(12).
-30
Let a(q) be the second derivative of -q**5/120 - q**3/6 - q. Let l(k) be the second derivative of a(k). Suppose 505 - 652 = -49*i. Give l(i).
-3
Let y(g) = -25 + 23 - 6*g - g**2 + 11 + 32. Determine y(-13).
-50
Suppose 4378 = -12*d + 4486. Let b(k) = -k**2 + 7*k + 2. What is b(d)?
-16
Suppose -383 + 2 = -282*m - 99*m. Let x(j) = 7 + j - 3*j - 10*j. Give x(m).
-5
Let r(b) = 19*b - b**3 - b**2 - 29 - 36 + 69. Let x be r(-16). Let f be x/450 - (4/(-15))/2. Let j(p) = p**3 - 9*p**2 + 10*p - 12. Determine j(f).
4
Let q(w) = -25*w - 17 + 3 + 22*w - 8. Determine q(16).
-70
Let d(f) = -2*f**2 + 46*f + 48. Let g be d(24). Let w be -1*(2 - g)/(3 - 1). Let u(i) = 8*i**3 - i. Determine u(w).
-7
Let r(s) = -4*s**3 - 25*s**2 + 31*s - 13. Let h(z) = z**3 + 6*z**2 - 7*z + 3. Let l(a) = -13*h(a) - 3*r(a). Let d = -26 - -24. What is l(d)?
0
Let x(g) be the first derivative of g**4/4 - g**3 + 5*g**2/2 - 10*g - 454. Determine x(4).
26
Let c(d) = -d + 3. Let x(k) = 3 + 6*k**2 - 2 + 0. Let g be x(-1). Let w(u) = u**3 - 6*u**2 - 8*u + 10. Let h be w(g). Calculate c(h).
0
Suppose 4*d - 5*w + 111 = 107, 3*d = -5*w + 32. Let j(g) be the third derivative of -2/3*g**3 + 0*g - 1/24*g**4 + 0 - d*g**2. Determine j(-3).
-1
Let g = 1617 - 1617. Let m(t) be the first derivative of t**3/3 + t**2/2 + 8*t + 13. Determine m(g).
8
Let i = 881 - 863. Let b(q) = -i*q - 1 - 1 - q**3 + 16*q + 3*q**2 - 8*q**2. Determine b(-2).
-10
Let x = 59 - 56. Let i(h) = 2*h - 15 + 3*h + 20 - x*h. Suppose -4*c - z - 3 = -2*c, 0 = z - 5. Determine i(c).
-3
Suppose 5*m = 3*n - 13, -9*m + 5*m - 5*n - 77 = 0. Let r(j) = -j**3 - 11*j**2 - 22*j - 36. Give r(m).
-52
Suppose -4*w + 4 = 8*l, -17*l - 32 = -21*l + 4*w. Let s(u) be the first derivative of 6 + u**2 - 2/3*u**l + 1/4*u**4 - u. What is s(1)?
0
Suppose 5*k = 8*k - 6. Let u(b) = b**2 - 7*b + 7. Let m(i) = -i + 2. Let v(h) = -3*m(h) + u(h). Let p be v(k). Let y(s) = -s**3 - 2*s**2 + 5*s + 4. Give y(p).
-2
Let f(w) = -267 + 172*w - 26*w**2 - 343*w + 269 + 168*w. What is f(1)?
-27
Let n be 8 - 572/77 - (-4672)/7. Let a = n + -676. Let j(r) = -3*r - 5. Let v(y) = -4*y - 5. Let s(m) = 6*j(m) - 4*v(m). Calculate s(a).
6
Let v(a) = 5*a - 10. Let j(t) = -19*t + 16. Let k(d) = 423*d - 351. Let l(q) = -45*j(q) - 2*k(q). Let x(p) = 6*l(p) - 11*v(p). Calculate x(-14).
16
Let q(z) = -z**2 + 2*z**2 + 2*z**2 - 13 - 9*z - 4*z**2. Suppose 0 = -2*k - 568 + 564. Let t be q(k). Let m(v) = 12*v - 1. What is m(t)?
11
Let y(b) be the second derivative of b**5/20 - b**3/6 - b**2/2 - 166*b. Let o(k) = -4*k**3 + 6*k**2 - 1. Let a(i) = o(i) + 3*y(i). Give a(4).
16
Let p(b) be the first derivative of b**5/120 - b**4/3 + 5*b**3/3 - 24. Let i(y) be the third derivative of p(y). Let o = -155 + 155. What is i(o)?
-8
Suppose -70 = -5*d - 4*b, d - b + 67 = 5*d. Let t(p) = -15 + 4 - p**2 + d + p**3. What is t(0)?
7
Let t(w) = 8*w - 82. Let k(p) = -296*p - 283. Let z be k(-1). Give t(z).
22
Suppose -145*c = -107*c - 152. Let l(p) = 0*p + 2*p - 5 - 2*p**2 + p**3 - 5*p**2 + 2*p**2. Determine l(c).
-13
Let c(x) = -x**2 + 3*x + 29. Let o = 16471 - 16474. Give c(o).
11
Let q(d) be the second derivative of -d**6/120 + 3*d**5/20 + 5*d**4/12 - 4*d**3/3 + 57*d**2/2 + d - 6. Let v(y) be the first derivative of q(y). Give v(10).
-8
Let t(f) = -7*f + 46. Let g(j) = -2*j + 11. Let z be (90/(-25))/(2 - 40/25). Let d(m) = z*g(m) + 2*t(m). Calculate d(-6).
-31
Let w(t) = 8*t - 5 - 6*t**2 + 14*t**2 + 4 - 9*t**2. Let a = 49 - 47. Suppose -4*s - 4*v + 48 = 0, -a*s + 4*v = s - 15. Calculate w(s).
-10
Let t(g) be the second derivative of -g**3/6 - 13*g**2/2 + 1503*g. Calculate t(-21).
8
Let w(d) = -4*d**3 + d**2 - d + 1. Suppose -3*o = -3*p + 6, -4*p + 11 = 2*o + 45. Let r be (-54)/(-189)*o/(-2). Give w(r).
-3
Let v(n) = -n**3 - 16*n**2 - 9*n - 799. Let b be v(-18). Let x(o) = 4*o - 47. Give x(b).
-3
Let o(q) = -9*q - 4. Suppose 86*t - 186 + 17 = 261. Give o(t).
-49
Let w(d) = d - 12. Suppose -3*q + 2*h + 21 = 0, -q + h = 123 - 129. Give w(q).
-3
Let i(q) = -q**3 - 12*q**2 + 6*q - 10. Let x(m) = m**3 + 7*m**2 + 49*m + 183. Let b be x(-5). Calculate i(b).
-82
Let r be 4/18 + (-129)/(-27). Let b(s) = 10*s**2 - 11*s - 5. Let h(q) = -4*q + 0*q + 22*q**2 - 10*q**2 - 2 - 9*q**2. Let k(j) = 2*b(j) - 7*h(j). Determine k(r).
9
Let d(u) be the third derivative of u**7/2520 - u**6/180 - 3*u**5/40 - 121*u**4/24 - 240*u**2. Let s(r) be the second derivative of d(r). What is s(8)?
23
Let q(w) = 3*w**3 + 15*w**2 - w - 4. Let d(r) = -r - 9. Let f be d(-4). Let u be q(f). Let y(a) = 4*a. Give y(u).
4
Let j(i) = 58*i + 4. Let s(w) = -155*w - 13. Let c(l) = -8*j(l) - 3*s(l). Calculate c(-6).
1
Suppose 5 = 16*l - 13*l - v, 0 = -v + 1. Suppose -3*m + z + 14 = 0, 5*m + l*z = 11 + 16. Let i(n) = 3*n + 3*n - 7 - 6*n**2 + 0*n + n**3. Calculate i(m).
-2
Let l be (3 + (-4 - 5))/(6/(-4)). Suppose -2*p - w - 4*w = 6, 3*p + w - l = 0. Let r(g) = 2 + g + 0*g + g**p + 6*g - 5*g. What is r(-5)?
17
Let j = 2 + 3. Let q(c) = -3*c**3 + 0 + j*c**3 - 3*c**3 + 11*c**2 - 11*c + 5. Let s = -508 - -518. Calculate q(s).
-5
Let c(x) = 7*x - 12*x + 2*x + 4*x - 8*x + 8. Determine c(5).
-27
Let p(o) = 63*o**2 - 20*o**2 + 9*o - 20*o**2 + 8 - 19*o**2. Let g be p(-1). Let r(w) = -8*w + 6. Give r(g).
-18
Let n = -5728 + 5734. Let x(q) = 2*q**2 - 7*q + 25. What is x(n)?
55
Let g(z) be the third derivative of z**5/60 - 17*z**4/24 - z**3/6 + 87*z**2. Let d be g(17). Let p(w) = w. Determine p(d).
-1
Let t(k) = -4*k + 27*k - 171 + 89 + 83. What is t(-2)?
-45
Suppose u - 4*u = 3*o + 33, u = 5*o + 19. Let h(w) be the third derivative of -w**6/120 - 7*w**5/60 - w**4/12 - w**3/3 - 2*w**2 - 3491. Calculate h(u).
-26
Suppose -4*b - 33 = -5*s - 3, 4*b + 32 = 4*s. Let w(j) be the second derivative of j**3/6 + 10*j**2 - 22*j. Calculate w(b).
10
Let r(d) = -2*d + 73. Let f be r(24). Suppose f = 5*g - p, g - 3*p + 9 = -0*g. Let x(q) = q**2 - 4*q - 7. What is x(g)?
5
Let j(i) = -i**2 - 13*i + 1. Let w be ((-12)/(-18) + 2)*387/12. Suppose -3*x - 31 = 4*q - 5, 5*x + w = 4*q. What is j(x)?
-13
Let q(r) = r**2 + 43*r + 237. Let z be q(-37). Let g(d) = -d**2 + 12*d + 32. Calculate g(z).
-13
Let w(c) = -7*c + 2. Let h be 6/(-9) + 51/9 - 8. Let m be 2/((-4)/h) - (-9)/18. Calculate w(m).
-12
Let x(v) be the third derivative of 2*v**2 + 0*v + 1/60*v**5 - 7/6*v**3 - 3/8*v**4 + 0. Suppose 3*b + 30*c = 27*c + 15, 2*b - 13*c = 55. Calculate x(b).
-15
Let g(z) = z**2 - z - 40. Let p = 303 + 50. Let s = -353 + p. What is g(s)?
-40
Suppose 16*r + 12*r - 15 = 27*r. Let m(u) = -u**2 + 14*u + 6. Calculate m(r).
-9
Let u(c) = -2*c**2 - 4*c - 2. Let k be u(-3). Suppose 3*t = 5*b + 15, 20 = 4*t - 6*b + 5*b. Let y(r) = t*r**2 + 11 - 17 - r + 9*r - 4*r**2. Calculate y(k).
-6
Let a(t) be the first derivative of -t**4/4 + t**3 + 7*t**2/2 - 5*t + 922. Let d = -1 - -10. Let x be d/2 + (-2)/4. What is a(x)?
7
Let l(k) = -k**3 + 24*k**2 + 42*k + 263. Let p be l(26). Let w(i) be the second derivative of -1/6*i**3 + 0 - 3*i + 3*i**2. Determine w(p).
3
Let o(s) = -s**3 + 6*s**2 - 5*s + 8. Suppose -26*y = -28*y + 3*x - 3, -45 = -5*y - 3*x. Determine o(y).
-22
Suppose h + 13 = 4*m - 7, -3*h = 0. Let b(v) = -22*v + 11*v + 9*v + m*v - 3. Suppose -2*y = -0*y - 14. Give b(y).
18
Let r(o) be the second derivative of -89*o + 1/6*o**3 + 0 + 2*o**2. Let u be (0/1)/(-3 + 1). What is r(u)?
4
Let z(m) = -3*m + 1. Let b(i) = -10*i + 8. Let j(o) = b(o) - 5*z(o). What is j(2)?
13
Let z be (8/10)/((-1)/(-5)). Suppose 3*c - l - 6 = c, z*c - 12 = -5*l. Let m(i) = 5*i**2 - 27*i**c - 26*i**3 + 52*i**3 - 3 - 2*i. Give m(4).
5
Let h(c) = -3*c**2 - 3*c + 2. Let n(r) = -r**2 - 23*r - 42. Let g be n(-20). Suppose -16*s = -25*s